5 and 15?
15
Calculate the greatest common factor of 288 and 42240.
96
What is the highest common factor of 265783 and 1204?
301
Calculate the greatest common divisor of 2639 and 2117.
29
Calculate the highest common factor of 2769 and 89531.
923
Calculate the greatest common factor of 58734 and 4992.
78
Calculate the highest common factor of 85405 and 2480.
155
What is the greatest common factor of 1088 and 251464?
136
What is the greatest common divisor of 36890 and 2499?
119
What is the highest common divisor of 396330 and 2750?
110
Calculate the highest common factor of 2795 and 1247.
43
Calculate the greatest common divisor of 63300 and 77226.
1266
What is the highest common factor of 36520 and 1079?
83
What is the greatest common divisor of 26 and 650?
26
What is the greatest common factor of 2994 and 7992982?
998
Calculate the greatest common factor of 1000 and 80375.
125
Calculate the greatest common divisor of 749865 and 15.
15
Calculate the greatest common factor of 4608 and 315.
9
Calculate the highest common factor of 213 and 1293.
3
Calculate the greatest common factor of 54003 and 1128.
141
Calculate the highest common factor of 135 and 105.
15
Calculate the highest common factor of 162653 and 523.
523
Calculate the highest common factor of 45 and 68895.
45
What is the greatest common factor of 1387712 and 64?
64
What is the greatest common divisor of 776132 and 424?
212
Calculate the greatest common factor of 184 and 2265086.
46
What is the greatest common divisor of 371 and 274169?
371
What is the greatest common divisor of 370 and 2864170?
370
Calculate the greatest common factor of 95 and 8995.
5
What is the greatest common divisor of 194519 and 6760?
169
What is the highest common factor of 131 and 54889?
131
What is the greatest common factor of 104040 and 160?
40
Calculate the greatest common divisor of 1316736 and 792.
72
What is the greatest common divisor of 19780 and 1035?
115
What is the greatest common divisor of 9 and 2787?
3
Calculate the greatest common factor of 97 and 690640.
97
What is the highest common factor of 150829 and 812?
203
Calculate the greatest common factor of 513 and 81216.
27
Calculate the greatest common factor of 278709 and 1647.
183
What is the highest common factor of 21780 and 924?
132
Calculate the greatest common divisor of 3143869 and 524.
131
Calculate the highest common divisor of 12258 and 4994.
454
What is the highest common factor of 228 and 5040?
12
What is the greatest common factor of 385 and 34825?
35
Calculate the highest common factor of 7765 and 4515.
5
Calculate the highest common factor of 28 and 69587.
7
Calculate the greatest common factor of 9603 and 8019.
99
Calculate the highest common divisor of 9 and 835.
1
What is the greatest common factor of 16807 and 98?
49
What is the highest common divisor of 6590385 and 411?
411
Calculate the greatest common divisor of 4880 and 2745.
305
What is the highest common divisor of 32922 and 5192?
118
Calculate the highest common factor of 593214 and 6.
6
Calculate the highest common divisor of 275342 and 62.
62
What is the greatest common factor of 43387 and 86?
43
What is the highest common divisor of 21 and 13468?
7
Calculate the greatest common divisor of 6987 and 1785.
51
Calculate the highest common divisor of 236 and 343675.
59
Calculate the highest common divisor of 1611 and 428347.
179
What is the greatest common divisor of 154 and 31766?
14
Calculate the greatest common divisor of 8 and 33216.
8
What is the highest common factor of 1054848 and 1536?
384
What is the greatest common factor of 33 and 1423488?
33
What is the highest common divisor of 138 and 106582?
46
Calculate the greatest common divisor of 3 and 102783.
3
Calculate the highest common factor of 3388551 and 519.
519
What is the highest common divisor of 345 and 440?
5
What is the highest common factor of 734148 and 6?
6
Calculate the greatest common divisor of 735 and 3705.
15
Calculate the highest common factor of 175 and 133150.
25
Calculate the highest common factor of 4215 and 555.
15
What is the greatest common factor of 6963 and 1688?
211
What is the highest common factor of 53218 and 1727?
11
Calculate the greatest common factor of 552 and 117231.
69
What is the highest common divisor of 1825 and 235?
5
What is the highest common divisor of 26621 and 7?
7
What is the highest common divisor of 65090 and 230?
230
Calculate the greatest common divisor of 5352 and 405414.
1338
Calculate the greatest common divisor of 20256 and 6963.
633
Calculate the highest common factor of 42 and 19621.
7
Calculate the greatest common factor of 97094 and 946.
86
Calculate the greatest common divisor of 138 and 137310.
138
What is the greatest common divisor of 5340 and 10324?
356
Calculate the highest common divisor of 525 and 10605.
105
Calculate the greatest common divisor of 133 and 53504.
19
Calculate the greatest common factor of 115047 and 27.
27
What is the greatest common divisor of 75 and 8050?
25
What is the highest common factor of 2340648 and 8?
8
What is the highest common divisor of 67456 and 31?
31
Calculate the greatest common factor of 628 and 1914929.
157
What is the highest common factor of 175029 and 410?
41
Calculate the greatest common divisor of 344 and 77529.
43
What is the highest common factor of 426304 and 256?
64
Calculate the highest common factor of 726 and 924.
66
Calculate the highest common factor of 1344 and 215628.
84
Calculate the highest common factor of 30 and 237430.
10
What is the highest common factor of 1940 and 86524?
388
What is the highest common factor of 124435 and 13961?
607
Calculate the greatest common divisor of 540 and 20844.
108
Calculate the greatest common factor of 71522 and 110.
22
What is the highest common divisor of 30 and 231840?
30
What is the greatest common divisor of 1824 and 4652568?
456
Calculate the greatest common divisor of 309 and 40479.
309
Calculate the greatest common factor of 4984 and 2968.
56
Calculate the highest common factor of 444 and 588.
12
Calculate the greatest common divisor of 425 and 7633.
17
Calculate the greatest common factor of 380 and 105310.
10
Calculate the greatest common divisor of 7212 and 4644.
12
What is the greatest common divisor of 1004047 and 97?
97
What is the highest common divisor of 432 and 47556?
36
Calculate the highest common divisor of 222 and 42.
6
What is the greatest common divisor of 112147 and 185?
37
What is the greatest common divisor of 6470 and 340?
10
Calculate the greatest common factor of 4228 and 64175.
151
What is the highest common divisor of 588250 and 26?
26
What is the highest common divisor of 28 and 20924?
4
Calculate the highest common factor of 395859 and 254.
127
Calculate the greatest common divisor of 173808 and 16.
16
Calculate the highest common divisor of 394567 and 458.
229
Calculate the greatest common factor of 1 and 13479.
1
Calculate the highest common factor of 379216 and 411.
137
What is the highest common factor of 1606 and 25988?
146
Calculate the highest common divisor of 3234 and 12243.
231
Calculate the greatest common factor of 651 and 29202.
93
Calculate the greatest common divisor of 57 and 26125.
19
What is the greatest common factor of 1235 and 2888?
19
What is the highest common divisor of 508 and 2026158?
254
What is the greatest common divisor of 777 and 14578?
37
What is the highest common divisor of 70 and 1220?
10
What is the highest common factor of 621 and 2737?
23
What is the highest common divisor of 14940 and 648?
36
Calculate the highest common factor of 37660 and 1260.
140
What is the highest common factor of 10106 and 1793?
163
Calculate the highest common divisor of 397808 and 1472.
368
What is the highest common divisor of 19110 and 37310?
910
What is the greatest common factor of 36 and 4391892?
36
Calculate the highest common factor of 985602 and 30.
6
Calculate the greatest common divisor of 1677 and 2145.
39
What is the greatest common divisor of 273 and 21489?
39
Calculate the greatest common factor of 265 and 181578.
53
What is the highest common divisor of 7473 and 376?
47
What is the greatest common divisor of 13462 and 13716?
254
What is the highest common factor of 34 and 26146?
34
Calcul